
Let m(k) = -6*k - 45. Let z be ((-24)/42)/((-1)/7). What is the remainder when m(-14) is divided by 721/35 - z/(-10)?
18
What is the remainder when 74 is divided by 4/(-6)*(158/(-4) + -1)?
20
Let o(f) = -f**3 - 4*f**2 + 8*f - 1. Let s be ((-9)/6)/((-3)/6). Suppose 0 = -s*a + 6, 0*d + 34 = -5*d + 2*a. Calculate the remainder when o(d) is divided by 6.
5
Let d = 15 + -5. What is the remainder when 7 is divided by (-3)/(-5)*(-5 + d)/1?
1
Let a(f) = -3*f**3 - 2*f - 1. Let r be a(-1). Suppose -5*l = -r*t - 91 - 40, 0 = -l + 5*t + 43. What is the remainder when l is divided by 13?
10
Suppose 5*b + 69 = 4*k, -3*b = -2*k - b + 34. Let j = k + -13. Suppose -10 = 3*f - 8*f, j*f = -5*n + 76. What is the remainder when 41 is divided by n?
13
Let c be -26 - ((-5)/5 + -5). Suppose 2*l - 4*n = 78, 4*l + 2*n = 57 + 59. Let a = l + c. Calculate the remainder when 43 is divided by a.
10
Suppose -3*v - 4*d + 83 = 0, 5*v - 2*d - d - 177 = 0. Suppose 5*f - 37 = -2*r, -f - 14 + 7 = 4*r. Calculate the remainder when v is divided by f.
6
Let j(g) = 10*g**2 + 1. Let k(o) = o**2 + 13*o - 1. Let m be k(-13). Calculate the remainder when 21 is divided by j(m).
10
Suppose -44*p + 40*p - 12 = 0. What is the remainder when 2 is divided by 4/6 - p*3/27?
0
Let x = -417 - -422. What is the remainder when 3 - -15 - (1 + -1) is divided by x?
3
Let q = 148 + -92. Suppose -3*r = -v - q, r - 4*v = 15 + 22. Calculate the remainder when 49 is divided by r.
15
Let f = -2098 - -2637. Calculate the remainder when f is divided by 109.
103
Let r(o) = 4*o**2 - 15*o - 21. Suppose 2*u = 4*u - 62. Calculate the remainder when r(-3) is divided by u.
29
Suppose -4*n = -3*u + 19, -4*n = -5*u - n + 17. Calculate the remainder when 11 is divided by u.
0
Suppose -65*l + 28880 = -27*l. What is the remainder when l is divided by 251?
7
Let b = 1 - -39. Calculate the remainder when 50 is divided by b.
10
Let z(r) = -4*r + 1. Suppose -7*g = -6*g - 54. Suppose 3*h = -12 + g. What is the remainder when h is divided by z(-1)?
4
Let b = -514 - -1103. Calculate the remainder when b is divided by 37.
34
Suppose 4*k + k - 75 = 0. Suppose -4*d - 211 = -607. Let v = d + -71. What is the remainder when v is divided by k?
13
Let w = 184 - 168. What is the remainder when 43 is divided by w?
11
Let n(m) = m**3 - m**2 + m - 1. Let f be n(1). Calculate the remainder when ((-4)/(-6))/(3/144) is divided by 24/(-8)*(f + -3).
5
What is the remainder when (-48)/36 - (-1802)/6 is divided by 19?
14
Let d = -88 - -130. What is the remainder when d is divided by 2*2 + (-44)/(-4)?
12
Let c be (126/(-15))/((-4)/240). What is the remainder when 123 is divided by (-1)/5 + c/20?
23
Let u(z) be the first derivative of -48*z**2 - 3*z - 6. What is the remainder when u(-1) is divided by 24?
21
Let z = 239 - 203. Calculate the remainder when z is divided by 4.
0
Suppose -200 = -458*y + 450*y. What is the remainder when 246 is divided by y?
21
Suppose 5*i + b - 2*b = -95, 4*i = 3*b - 76. Suppose q + 104 = -3*q. Let r = i - q. What is the remainder when r is divided by 4?
3
Suppose 0*q - 56 = -3*a - 4*q, -4*a - q = -66. Suppose 52 = 4*z + a. Suppose -h = -z + 3. What is the remainder when 23 is divided by h?
5
Let w = -175 + 260. What is the remainder when w is divided by 81?
4
Let u = -869 - -1086. What is the remainder when u is divided by 46?
33
Suppose -320 = -18*l + 346. What is the remainder when 41 is divided by l?
4
Suppose 3*y + 89 = 5*j, -3*j - y + 3*y + 54 = 0. Let p(n) = n**2 - 3*n + 30. What is the remainder when p(0) is divided by j?
14
Let t(c) = -4*c**3 - 3*c**2 - c + 6. Let z be (0 - (-1 - 2)) + -6. Calculate the remainder when t(z) is divided by ((-92)/(-2))/(3 + -1).
21
Let q(y) = -y**3 - 22*y**2 + 19*y + 67. Calculate the remainder when q(-23) is divided by 18.
15
Suppose 25*y - 49 - 51 = 0. Let x = 29 + -28. Calculate the remainder when y is divided by x.
0
Let t be (-810)/(-5) + (-1 - -5). Suppose 2*v = b - 56, 5*b = 2*b + 5*v + t. Suppose -4*j = -49 - 23. Calculate the remainder when b is divided by j.
16
Let a(t) = -t + 4. Let p(h) = -h**3 - 10*h**2 + h + 10. Let k be -8 + (2 - 3) + -1. Let i be p(k). What is the remainder when 9 is divided by a(i)?
1
Let h(q) = -q**3 + 5*q**2 + 3*q + 1. What is the remainder when (-3)/(-6) - (-374)/4 is divided by h(5)?
14
Let b(c) = c**2 + c - 3. Calculate the remainder when b(3) is divided by (10/5)/(((-21)/(-3))/7).
1
Let f(j) = 4*j**2 - 3*j - 1. Let h = 27 + -29. Calculate the remainder when 3/6*4 - -80 is divided by f(h).
19
Let x = -695 + 729. What is the remainder when 3/(-3 - (-256)/84) is divided by x?
29
Let b(c) = 3*c**3 - 3*c**3 + 6*c - 2*c**2 - c**3 - 3 - 7*c. Let z be b(-3). What is the remainder when 28 is divided by (-156)/(-10) + z/(-15)?
13
Suppose 2*z - 87 = y, y - 123 = -2*z - 46. What is the remainder when 157 is divided by z?
34
What is the remainder when ((-1081)/(-94))/((-2)/(-52)) is divided by 15?
14
Suppose 3*d + 11 = 2*o, 2*d - 31 = -o - 8. What is the remainder when 47 is divided by o?
8
Let p be (10/(-3))/(1/3). What is the remainder when 15 is divided by p/(4/(0 - 4))?
5
Suppose 5*z + 6 = -2*n - 3, -2*n = -5*z - 21. Suppose -5*t = -n*c - 72, -2*t - 2*c - 2*c = -34. Let i = 63 - t. Calculate the remainder when i is divided by 17.
14
Let f(s) = -22*s - 5. Let r(k) = k**2 - 3*k - 6. What is the remainder when f(-4) is divided by r(-3)?
11
Let l = 36 - -27. Let g = 182 - 160. Calculate the remainder when l is divided by g.
19
Let x(t) = 23*t + 721. Calculate the remainder when x(-28) is divided by 4/(-3)*(-78)/4.
25
Calculate the remainder when (9/(-12))/((-37)/3256) is divided by 29.
8
Let y be (3/6)/(2/(36/(-1))). Calculate the remainder when 218 is divided by ((-21)/7)/(y/60).
18
Let a = 18 - -2. Let t = 23 - a. Suppose p = -t*x - 9, p + 3*x + 13 = -x. Calculate the remainder when 7 is divided by p.
1
Suppose 18*p + 1156 = 35*p. What is the remainder when p is divided by 13?
3
Suppose 3*z + 75 = 6*z. Let x(j) = -8*j + 97. Calculate the remainder when x(6) is divided by z.
24
What is the remainder when (-12)/9 + (-705)/(-9) is divided by 6?
5
Let c(x) = x**3 + 15*x**2 - 3*x - 20. Let b be c(-15). Calculate the remainder when 10 is divided by ((-140)/b + 6)*(11 + -1).
2
Suppose -44*k - 4374 = -62*k. Calculate the remainder when k is divided by 29.
11
Let f be (-1)/2*-2 + 299. Let r = 482 - f. Calculate the remainder when r is divided by 46.
44
Calculate the remainder when 395 is divided by ((-585)/156)/((-53)/24 - -2).
17
Suppose -25*s = -26*s - 7520. Let k = -11 - -20. Calculate the remainder when (-4)/22 - s/220 is divided by k.
7
Suppose 6*u = 275 + 1111. What is the remainder when u is divided by 13?
10
Let t = 132 - 134. Calculate the remainder when 0 - t/2 - -50 is divided by 28.
23
Let c = 118 - 53. Suppose 0 = -13*p - 26 + c. What is the remainder when 41 is divided by p?
2
Suppose -4*q + 5*q = 4. Suppose 0 = -8*c + 6*c + q. Calculate the remainder when 5 is divided by c.
1
Let x(m) = -m**3 + 2*m + 2. Let s be x(0). Suppose -27 = -5*f + 4*h + 5, -23 = -s*f + 5*h. Calculate the remainder when 14 is divided by f.
2
Suppose 5*l + 0*l = 0. What is the remainder when 1 - -54 - (9 - (11 - 1)) is divided by (-1 - -21) + -1 + l?
18
Suppose -12 = v - 2*v. Let z(d) be the first derivative of -d**2 + 33*d + 11. Calculate the remainder when v is divided by z(14).
2
Let k = 93 + -111. Calculate the remainder when k/(-5) + -4 - (-84)/10 is divided by 7.
1
Let u be 12/(-2 + -2)*-1. Suppose u*k + 5*d = 34, 6*d - d - 25 = 0. Calculate the remainder when 55 is divided by ((-28)/k)/2*-3.
13
Suppose 4*u - a - 24 = 102, 0 = a + 2. Calculate the remainder when u is divided by 17.
14
Let f(h) = -2*h**3 - 3*h**2 - h - 1. Let o be f(-2). Suppose -o*a + 2 = 7. Calculate the remainder when -1 - a/((-1)/(-26)) is divided by 14.
11
Suppose 2*a - 7*a - 4*v + 312 = 0, 0 = -3*a - 3*v + 186. What is the remainder when a is divided by 22?
20
Suppose -3*u = 1333 - 1804. What is the remainder when u is divided by 42?
31
Let p = -7 - 8. Let m be (-1269)/p - 12/20. Suppose -5*a + 2*a + m = 0. Calculate the remainder when a is divided by 15.
13
Let n(q) = -q**2 + 2*q + 40. Let t(y) = y**2 + 4*y. Let p be t(-4). What is the remainder when 78 is divided by n(p)?
38
Suppose 0 = 5